e 7, what is -6 + -20?
-26
In base 10, what is -3 - -1053?
1050
In base 12, what is -2b - -32?
3
In base 6, what is 5 + 4?
13
In base 11, what is 3 - 2574?
-2571
In base 3, what is 1202021 - 2?
1202012
In base 9, what is -2 - 615?
-617
In base 10, what is 83 + 8?
91
In base 6, what is 15 + 22?
41
In base 4, what is 0 + 222113?
222113
In base 2, what is -100111100 + 100?
-100111000
In base 4, what is 10 + 11313?
11323
In base 3, what is 1000200 - 11?
1000112
In base 3, what is 0 + 22021?
22021
In base 7, what is -10 + -30?
-40
In base 3, what is 1 - -10020?
10021
In base 10, what is 0 - 295?
-295
In base 4, what is 0 - -203112?
203112
In base 7, what is 633 - -26?
662
In base 11, what is 0 - 64?
-64
In base 9, what is -1 - -5238?
5237
In base 11, what is -176 - 179?
-344
In base 8, what is -13 - -136?
123
In base 15, what is -4 - c5?
-c9
In base 8, what is -676 + -3?
-701
In base 15, what is 29c - 4?
298
In base 8, what is -26012 - 4?
-26016
In base 4, what is -31 - 112?
-203
In base 6, what is 5 - 22403?
-22354
In base 4, what is 2 - -301?
303
In base 12, what is 5 - -48?
51
In base 13, what is -3 - -2221?
221b
In base 6, what is -13 - 301?
-314
In base 15, what is -61 + 51?
-10
In base 10, what is 0 + -47?
-47
In base 10, what is 802 + -5?
797
In base 12, what is -1 - 432?
-433
In base 5, what is -1 + 104?
103
In base 14, what is db + -2d?
ac
In base 6, what is -105325 + -2?
-105331
In base 8, what is -6 - 0?
-6
In base 12, what is -3 - a5?
-a8
In base 16, what is 39 - -4?
3d
In base 7, what is -53 + 6?
-44
In base 5, what is -100 - -140?
40
In base 7, what is -13122 - 0?
-13122
In base 13, what is 50 + -5?
48
In base 5, what is 431440 - 3?
431432
In base 15, what is 3 + -31?
-2d
In base 8, what is -14 + -354?
-370
In base 3, what is 22100 + 122?
22222
In base 8, what is -2 + 126?
124
In base 4, what is 11 - 2130?
-2113
In base 3, what is -121001 + -1?
-121002
In base 9, what is 1 - 21?
-20
In base 15, what is -5 + -463?
-468
In base 13, what is -2 - 83?
-85
In base 7, what is 142 + -10?
132
In base 7, what is -5 + 543?
535
In base 8, what is 3 + -13?
-10
In base 8, what is 3 + -7102?
-7077
In base 7, what is -14 + -352?
-366
In base 4, what is -10 - 131?
-201
In base 16, what is -5 - 6fb?
-700
In base 14, what is 5c0 - 4?
5ba
In base 8, what is -242 + 3?
-237
In base 5, what is -31 + 1132?
1101
In base 10, what is -31 - -41?
10
In base 7, what is 15 + 3?
21
In base 7, what is -4 + 655?
651
In base 14, what is -2 - -b7?
b5
In base 6, what is 4 + -1022?
-1014
In base 4, what is 21 - 223?
-202
In base 11, what is -316 + a?
-307
In base 4, what is 132 + -12?
120
In base 10, what is 2947 + 5?
2952
In base 14, what is -5 - 124b?
-1252
In base 2, what is 10000 - -1000001?
1010001
In base 12, what is -45 - -6?
-3b
In base 8, what is 6 + 20?
26
In base 4, what is -12 + 1233?
1221
In base 13, what is 31 - 1c1?
-190
In base 3, what is -10 + 1000010?
1000000
In base 14, what is 4 + ca?
d0
In base 15, what is 4 - 50?
-4b
In base 10, what is -4 + -65?
-69
In base 5, what is 1320 - -103?
1423
In base 12, what is 2 + 4b8?
4ba
In base 13, what is 4 + -1349?
-1345
In base 3, what is -11000 + 21202?
10202
In base 5, what is -33203 + -3?
-33211
In base 8, what is -2 - -116?
114
In base 14, what is 740 + 4?
744
In base 9, what is 4 - -18?
23
In base 5, what is 4 + -13030?
-13021
In base 15, what is -520 - 0?
-520
In base 15, what is -4 + -5?
-9
In base 14, what is 4 - -1a?
20
In base 14, what is 99 - -4?
9d
In base 10, what is 12 + 2?
14
In base 2, what is -11111001100 - 10?
-11111001110
In base 14, what is 328 - 4?
324
In base 7, what is 5 - 15?
-10
In base 13, what is 1 - 13?
-12
In base 7, what is 22 - -151?
203
In base 8, what is 7 + 45?
54
In base 5, what is -114 + -12?
-131
In base 16, what is 0 + 15?
15
In base 13, what is -4 + 804?
800
In base 6, what is 5144 - 3?
5141
In base 11, what is -5 + 186?
181
In base 3, what is 101 + 1120?
1221
In base 5, what is -1432 - 4?
-1441
In base 7, what is -4 + -1356?
-1363
In base 12, what is 12 - 31?
-1b
In base 5, what is 22 - 20?
2
In base 8, what is -10 + 14?
4
In base 3, what is -211010002 + 10?
-211002222
In base 14, what is 589 + b?
596
In base 2, what is -110110 + -100100?
-1011010
In base 6, what is 5 - 212?
-203
In base 7, what is -3266 + -1?
-3300
In base 13, what is -10 - -a?
-3
In base 3, what is -1221012 + 2?
-1221010
In base 10, what is -4 + -96?
-100
In base 8, what is 224 - 36?
166
In base 14, what is -81 - -5?
-7a
In base 13, what is 0 + 8?
8
In base 8, what is 0 - 216?
-216
In base 8, what is -40 + 16?
-22
In base 15, what is -52 - -4?
-4d
In base 16, what is -1c - -21?
5
In base 9, what is 133 + -5?
127
In base 11, what is -3 + -86?
-89
In base 6, what is -1015 - 0?
-1015
In base 7, what is -116 + -2?
-121
In base 6, what is -2 - 45?
-51
In base 4, what is -33 + 3123?
3030
In base 13, what is -2277 - 3?
-227a
In base 11, what is 17 - -48?
64
In base 7, what is -16 + -3?
-22
In base 7, what is -62 - -61?
-1
In base 7, what is -4366 - 3?
-4402
In base 11, what is -a - 2?
-11
In base 6, what is 541 + 2?
543
In base 6, what is 34 - -221?
255
In base 2, what is 101010 + -100010?
1000
In base 6, what is 233 - -22?
255
In base 11, what is -11 - 25?
-36
In base 6, what is -5 + 23?
14
In base 10, what is -451 + 2?
-449
In base 10, what is 1758 + -5?
1753
In base 8, what is 632 + 2?
634
In base 11, what is 17 + -10?
7
In base 9, what is 4 + 3?
7
In base 14, what is 1c0a + -5?
1c05
In base 7, what is -2255 - 0?
-2255
In base 12, what is -b - -56?
47
In base 3, what is -21 + -11?
-102
In base 2, what is 11 + -11000001?
-10111110
In base 12, what is -13 + -21?
-34
In base 12, what is -2 - -133?
131
In base 16, what is 2 + -12?
-10
In base 6, what is -2 - 52410?
-52412
In base 4, what is 2 - 102?
-100
In base 11, what is -301 + -4?
-305
In base 16, what is 4 + -7?
-3
In base 8, what is 33 - -3?
36
In base 10, what is 42 - 0?
42
In base 9, what is -2 + 6?
4
In base 13, what is -8 - 385?
-390
In base 2, what is 1010000 - 10?
1001110
In base 11, what is 0 - a56?
-a56
In base 2, what is -111010011 + -1010001?
-1000100100
In base 3, what is 112 + 110000?
110112
In base 2, what is 101 + -10000011?
-1111110
In base 4, what is 3011 + -1?
3010
In base 16, what is -736 - 4?
-73a
In base 15, what is 1 - 4?
-3
In base 16, what is 3 - -439?
43c
In base 7, what is 234 - 3?
231
In base 9, what is -1 - -2?
1
In base 3, what is 12 + 212?
1001
In base 3, what is -201212 + -1?
-201220
In base 3, what is -12202201 - 11?
-12202212
In base 15, what is c4 - -5?
c9
In base 8, what is 13 - 0?
13
In base 8, what is 10 - 167?
-157
In base 7, what is -61 + -135?
-226
In base 9, what is 5 - 170?
-164
In base 9, what is 5 - 1457?
-1452
In base 16, what is -58 - -8?
-50
In base 12, what is -53 - -4?
-4b
In base 4, what is 22133 - -1?
22200
In base 2, what is -1100000 + 1000?
-1011000
In base 12, what is -25 - -b?
-16
In base 4, what is 321111 + 1?
321112
In base 5, what is -121 + -44?
-220
In base 11, what is 2 + 1526?
1528
In base 7, what is 5 - 15?
-10
In base 13, what is a2 - b?
94
In base 13, what is 11b2 + -5?
11aa
In base 14, what is 0 + -1509?
-1509
In base 7, what is 153 - 10?
143
In base 6, what is 1335434 - 3?
1335431
In base 13, what is -18 + 2?
-16
In base 5, what is 1044 + -2?
1042
In base 5, what is 41 - -1211?
1302
In base 14, what is 0 + 1b?
1b
In base 12, what is 4 + -6?
-2
In base 5, what is -13 - 14?
-32
In base 14, what is -4 - 0?
-4
In base 12, what is 81 - -4?
85
In base 15, what is -4d8 - -3?
-4d5
In base 15, what is -1 - 58?
-59
In base 8, what is -2123 + -4?
-2127
In base 16, what is -7 - -20?
19
In base 10, what is 3 + -65?
-62
In base 2, what is 10 - -10100?
10110
In base 10, what is -3400 + 1?
-3399
In base 7, what is 545 - 0?
545
In base 9, what is 1 - 146?
-145
In base 4, what is -1203 - -10?
-1133
In base 3, what is 1 - -111102?
111110
In base 16, what is 16 + -3?
13
In base 12, what is 58 - 2?
56
In base 7, what is -1462 + -2?
-1464
In base 10, what is 1512 + 1?
1513
In base 12, what is a + 26?
34
In base 11, what is -14 - 2?
-16
In base 14, what is -5 + -287?
-28c
In base 15, what is -2d4 + -4?
-2d8
In base 8, what is 54 - 10?
44
In base 12, what is -2 - -bb6?
bb4
In base 10, what is 72 + 5?
77
In base 5,